ative of t**3/3 - 6*t**2 - 8*t - 599. Give j(12).
-8
Let h(g) = -g**2 + 3. Let j be 6*(-28)/(-6) - 4. Let o = -49 + j. Let c = o + 28. Determine h(c).
-6
Let f(i) = -i**2 + 4*i - 1. Let k be (2/(-8))/(3/(-84)). Determine f(k).
-22
Let s(p) = p**3 + 7*p**2 + 3*p + 6. Let c(x) = -x**2 - x - 1. Let m be (-2)/(-4) + 0 - 12/8. Let f(d) = m*s(d) - 4*c(d). Calculate f(-4).
10
Let k(j) = 7*j**2 + 17*j + 4. Let n(o) = -20*o**2 - 50*o - 12. Let p(t) = -17*k(t) - 6*n(t). Give p(-11).
4
Let a(p) = 3*p + 1. Let v(q) = -6*q - 2. Let c(d) = 5*a(d) + 3*v(d). Let z(j) = 106*j**2 - 531*j + 7. Let o be z(5). Give c(o).
-7
Let f(d) be the first derivative of 35*d**2/2 - 148. Determine f(1).
35
Let v be (-18)/5 - (12/(-20) + 0). Let n(o) = -8*o + 1. Let x(u) = 7*u. Let a(r) = 6*n(r) + 7*x(r). What is a(v)?
3
Let u be 28/(95/(-15) + 5). Let j(y) = y**3 + 20*y**2 - 20*y + 26. Calculate j(u).
5
Let a(x) = x**3 - x**2 + 2*x + 1. Suppose -n = 3*n. Suppose -20*h + 18*h + 4 = n. Give a(h).
9
Let o(h) = 25*h + 24*h - 2 - 46*h. Determine o(7).
19
Let b = -49 - -49. Let j(a) be the first derivative of 1/2*a**2 - 1/4*a**4 + 3 + 2*a + 0*a**3. Give j(b).
2
Let c(g) = g**3 - g**2 + 4. Let m(l) = l - 5*l + 0*l - 6 + 5*l. Let o be m(10). Suppose 0 = -o*b + 3*y - 12, -3*b + y - 4 = -b. What is c(b)?
4
Let s be (22/(-6))/(2/(-6)). Let f(w) = 0*w + w - s + 0*w. Determine f(0).
-11
Let y = 16 + 2. Let l = y + -13. Let h(p) = -33*p**2 - 32*p**2 + 118*p**2 - 18*p**2 + 2 + 5*p - 36*p**2. Calculate h(l).
2
Let r = -13 - -25. Let i = r + -10. Let a(x) = 0*x - 6*x - 8 + x**i + 12. What is a(4)?
-4
Let x(w) = -w**3 - 10*w**2 - 9*w + 10. Let d = 348 - 357. What is x(d)?
10
Let p(l) be the second derivative of -l**4/12 + 5*l**3/6 + l**2 - l. Suppose -5 = 16*b - 597. Suppose b + 48 = 17*w. What is p(w)?
2
Let o(b) be the second derivative of -b**4/12 - 5*b**3/6 - 5*b**2 + 17*b. What is o(-7)?
-24
Suppose -3*d + 16 = 7. Let c be d - (4 + (-5 - -4)). Let u(l) = -l**2 - l - 9. What is u(c)?
-9
Let q(f) = 18461 - 18454 + 0*f + f. Calculate q(-13).
-6
Let s be ((140/(-8))/(-7))/(6/12). Let t(h) = h**3 - 2*h**2 - 5*h - 7. Determine t(s).
43
Let p(l) be the third derivative of l**4/24 - 11*l**3/6 + l**2. Give p(0).
-11
Suppose 3*r = -2*g + 24, -3*r + 9 = 5*g - 15. Let z(x) = 1 + 6*x**3 - 2*x + 4*x**2 - 5*x**2 - r*x**3. Give z(-2).
17
Suppose 0 = 2*b - b - 9. Let m(i) = -3 + 3*i**2 + 0*i**2 - 10*i + i**3 + 5 + b*i. Let w = -9 - -5. What is m(w)?
-10
Let h(g) = g + 3. Let p(x) = x**3 - 25*x**2 + 100*x - 9. Let y be p(20). Determine h(y).
-6
Let s(k) be the first derivative of 5*k**4/24 + k**3/3 - 6*k**2 + 9. Let w(f) be the second derivative of s(f). Let u be 1*(-1)/((-2)/(-4)). Determine w(u).
-8
Let n(b) = 0 + 483*b + 6 - 239*b - 245*b. What is n(3)?
3
Let q(r) = -44*r - 509 + 509. Let u(m) = -9*m. Let j(w) = -5*q(w) + 24*u(w). Calculate j(-1).
-4
Let v(k) be the second derivative of -k**5/20 + k**4/3 + 13*k**3/6 + 3*k**2 + 4*k + 44. Give v(6).
12
Suppose 15*o + 639 = 624. Let d(x) be the first derivative of -17*x**4/4 - x**3/3 - x**2 - x - 1. What is d(o)?
17
Let c(f) be the second derivative of -f**3/6 + 2*f**2 + 2*f. Let k be c(6). Let w be ((4 - 1)*k)/1. Let h(r) = r + 14. Give h(w).
8
Let q(f) be the second derivative of 4*f**3/3 - 16*f - 1. Calculate q(1).
8
Let q be (-6)/3*(-10)/((-10)/3). Let o(j) = -j**2 - 3*j + 3. What is o(q)?
-15
Let p(h) = 10*h**3 - 5*h**2 + 22*h + 5. Let o(c) = -7*c**3 + 3*c**2 - 15*c - 3. Let y(b) = 7*o(b) + 5*p(b). Give y(4).
24
Let u(x) = x**3 + 15*x**2 + 3. Let c be ((-33)/(-44))/((-4)/80). Determine u(c).
3
Let l(s) = s**2 + 7*s + 6. Let f be l(-5). Let b(v) = -3*v**2 - 2*v + 0 + 3 - 2*v**2 - v + 3*v**2. Determine b(f).
-17
Let l(m) = 14*m**2 + 34*m**3 + 2*m**2 - 7 - 19*m**3 - 17*m**3. Let p be l(8). Let k(j) = j**3 + 8*j**2 + 7*j - 5. Calculate k(p).
-5
Let i(q) = 579 - 579 + 3*q**2 - q. Determine i(-1).
4
Let r(x) = 129*x**2 - 1 - 216*x**2 + 127*x**2. Determine r(1).
39
Let j(f) = -f. Let w(k) = -15*k + 39. Let s be w(2). What is j(s)?
-9
Let l(n) = 3*n - n - 9 - 3*n. Let f be (-35)/(-70) - 1/2. What is l(f)?
-9
Suppose 91*z - 399 - 238 = 0. Let s(v) = -v**3 + 6*v**2 + 5*v + 16. What is s(z)?
2
Let b(y) = 3*y + 1. Suppose 0 = -5*g, 2*w - 2 = -0*g + 4*g. Suppose -3*u - 4 + w = 0. Determine b(u).
-2
Let g = -6 + 7. Let d = g + 1. Let t(b) = -b + 2*b**3 + 2*b**2 - 5*b**d - b**2 + 3*b**2. Calculate t(-1).
-2
Suppose 24 = 5*j - 2*j. Let i(k) = 5*k + 1 - j*k - 2*k. What is i(1)?
-4
Let i = -18 - -21. Suppose -i*w + 6 = -3. Let q(o) = 2*o - 4. Give q(w).
2
Let h(u) be the first derivative of u**2/2 - 10*u - 2. Let g(o) be the first derivative of o**2 + 11*o - 20. Let d be g(-2). Give h(d).
-3
Suppose 5*z + 17 = 67*u - 65*u, 0 = -3*u - 3*z - 27. Let v(j) = j**2. Let q(s) = -4*s**2 + 6*s + 6. Let n(y) = -q(y) - 5*v(y). Calculate n(u).
2
Let z(p) = 3*p**3 + p**2 - 2*p - 3. Let t be z(-1). Let l = -4 - -6. Let y(v) = 2 + 0 + v - 6 + v**l. Determine y(t).
2
Let y(r) = -6*r**2 + 4*r + 4. Let v(g) = g**2 - 1. Let j be 2/((-4)/6) - -4. Let a(k) = j*y(k) + 5*v(k). Let f be 37/7 - 6/21. What is a(f)?
-6
Suppose -2*r + 40 = 4*v, 5*r + 2*v - 55 = 5. Let p = -6 + r. Let b(w) = 64*w**2 - 38*w**2 - 25*w**2 - 7*w + 6. Determine b(p).
-6
Let l(n) = -n**3 - n**2 + 3*n + 14. Let g be l(0). Let z(m) = m + 2 - 13 + g. What is z(-7)?
-4
Suppose -13 - 50 = -3*k. Let i be (24/k)/4 - (-23)/(-7). Let f(b) = 3*b + 2. Calculate f(i).
-7
Let n(k) = k - 2. Let v be n(5). Suppose 5*r + 5 = 0, -v*r - 4 = 3*z - 10. Let c(h) = -h**2 + 2*h - 1. Determine c(z).
-4
Let b(a) = -8*a**3 - a**2 + 7*a - 6. Let v be b(1). Let g(r) = -r + 9. Calculate g(v).
17
Let u(y) = 7*y**3 + y**2 + 2*y + 1. Suppose 6*z = -17*z - 23. What is u(z)?
-7
Suppose 12*o - 8*o + 4*r + 8 = 0, r - 28 = 5*o. Let g(a) = 5*a - 2. Let u(q) be the first derivative of -q**2/2 + 1. Let l(w) = -g(w) - 6*u(w). What is l(o)?
-3
Let q(z) be the third derivative of z**5/60 + 3*z**4/8 + 7*z**3/6 - z**2. Suppose 0 = 3*f - 4*b + 47, 13*f = 17*f + b + 31. Give q(f).
7
Let z(i) = -1. Let b(l) = -l. Let p(f) = f**2 - 10*f - 10. Let k be p(11). Let y(u) = k*b(u) - 5*z(u). Determine y(7).
-2
Let m be (2/(-4) + -2)*(3 - 1). Let o = m + 8. Let a(w) = -17*w + 2 + 12*w - w**2 + 4*w - 1. Calculate a(o).
-11
Let k = -18 - -20. Let v(t) = -3*t**3 + t**3 - t + 4*t**k - t + t**3 - 2. Suppose -40 = -4*y - 32. What is v(y)?
2
Let b(w) = 14*w**3 + 5*w**2 + w - 12. Let x(a) = 5*a**3 - 2*a**2 + a. Let u(f) = -b(f) + 3*x(f). What is u(11)?
34
Let d(q) = -q**2 + 6*q + 1. Let k(f) = f - 9. Let y be k(9). Suppose -4*t = -y*t + 24. Let x be (-54)/t - 3*1. Calculate d(x).
1
Let o(h) = h**2 + 7*h - 1. Let p = -122 + 119. Give o(p).
-13
Let k(o) be the second derivative of 0 + 3*o**2 - 1/12*o**4 + o**3 - o. Give k(6).
6
Let d = -13 + 18. Let x(l) be the third derivative of l**7/840 - l**6/72 + l**4/12 - l**3/6 + 3*l**2. Let g(w) be the first derivative of x(w). Determine g(d).
2
Let n(v) = -30 + 65 + 0*v + 2*v - 33. Give n(-4).
-6
Let b(i) = -9 + 18 + i - 5 - 6 - i**2. Calculate b(-2).
-8
Let n be 5/(5 - 0)*-13. Let w(i) = i**3 + 12*i**2 - 13*i + 7. Calculate w(n).
7
Let f(p) = -2*p**2 - 3*p + 3*p**2 + 3 - 8*p**2 + 2*p**2 + 3*p**2. Suppose -6 = 5*a + 9. Calculate f(a).
-6
Let i(h) = h + 3. Let u = 195 - 188. Calculate i(u).
10
Let h(o) = -3*o + 1. Let b(s) = 13*s - 6. Let i(c) = b(c) + 4*h(c). What is i(2)?
0
Let d be 2 + (-2 - -1)*9. Let y be 13/1 + 7/d. Suppose -s = -4*j - y, -j - j - s - 12 = 0. Let p(t) = t - 4. Give p(j).
-8
Suppose -40 = -14*x + 29 - 13. Suppose -2*l = -5*a + 2*l - 4, 1 = 2*a + l. Let g(t) = -4 - 2*t + 3*t - t**3 + 5*t**2 + a*t**2. Determine g(x).
16
Let h(q) = -3*q - 2. Let d(b) = -5*b - 3. Let c(y) = -4*d(y) + 7*h(y). Let t be c(-3). Let l(x) = -15*x - 1. Give l(t).
-16
Let a(l) = -4*l**2 - 4*l + 8. Let b(u) = -5*u**2 - 5*u + 9. Let w(i) = -6*a(i) + 5*b(i). What is w(-3)?
-9
Let o(q) = -q**3 + 12*q**2 - 13*q + 5. Let z be o(11). Let k = z - -21. Let p(x) = -x**3 + 5*x**2 - 6*x + 2. Calculate p(k).
-6
Let v = 4 + -1. Let h(q) be the third derivative of q**6/120 - q**5/15 - q**4/24 - q**2 + 96*q. Determine h(v).
-12
Suppose -q = 17*q - 90. Let h(t) = -t**3 + 3*t**2 + 13*t - 6. Determine h(q).
9
Let m(c) be the first derivative of -c**3/3 + 3*c**2/2 